(4)?
185
Let a(h) = -8*h - 362. Calculate a(-45).
-2
Let b(m) = -m**3 - 2*m**2 + 9*m + 12. Give b(-5).
42
Let f(o) = -22*o**2 - 64*o + 4. Give f(-3).
-2
Let w(r) = -r**3 - 9*r**2 + 10*r + 37. Give w(-10).
37
Let p(v) = v**3 + 14*v**2 - 32*v + 10. Give p(-16).
10
Let w(d) = -d**2 + 19*d - 71. What is w(4)?
-11
Let z(n) = -3*n**2 + 5*n + 6. Calculate z(6).
-72
Let p(r) = 4*r + 68. Determine p(-15).
8
Let z(g) = -g**3 - 5*g - 1. Give z(0).
-1
Let a(f) = -f**3 + 4*f**2 + 5*f - 13. Calculate a(4).
7
Let q(n) = -n**3 + 2*n**2 - 4*n - 1. Calculate q(0).
-1
Let a(v) = v**3 + 6*v**2 - 2*v + 1. What is a(-6)?
13
Let b(w) = w**3 + 7*w**2 + 3*w + 93. Determine b(-8).
5
Let p(z) = -z**3 + 2*z**2 - 3*z - 21. What is p(0)?
-21
Let b(x) = x**2 + x - 1. Determine b(-5).
19
Let n(u) = 22*u + 47. Calculate n(-8).
-129
Let f(m) = m**2 - 23*m + 84. Determine f(19).
8
Let g(p) = -14*p. Calculate g(1).
-14
Let g(j) = 20*j - 26. Determine g(2).
14
Let i(w) = -w**2 - 12*w + 7. Determine i(-11).
18
Let h(t) = -t - 1. Calculate h(4).
-5
Let i(p) = p**3 + 4*p**2 - 4*p - 13. Determine i(-3).
8
Let d(k) = -k**3 - 14*k**2 - 4*k - 44. What is d(-14)?
12
Let l(r) = 2*r**3 + 4*r**2 - 7*r + 4. What is l(-3)?
7
Let p(f) = 7*f + 29. What is p(-5)?
-6
Let o(p) = 94*p - 43. Determine o(2).
145
Let g(z) = z**3 - z**2 + 2*z - 5. Calculate g(2).
3
Let t(f) = f**2 + 58*f - 1099. Calculate t(-73).
-4
Let p(n) = -10*n + 8. Determine p(2).
-12
Let g(q) = -q**3 - 15*q**2 + 36*q + 314. Calculate g(-16).
-6
Let s(o) = -o + 50. Calculate s(7).
43
Let t(w) = 3*w - 29. What is t(23)?
40
Let x(q) = q - 16. Calculate x(-25).
-41
Let x(g) = 23*g**2 - 2*g - 1. Give x(-1).
24
Let r(j) = j**2 - 30*j + 79. Calculate r(27).
-2
Let s(c) = -c**2 + 21*c + 119. What is s(27)?
-43
Let y(j) = -j**3 + 7*j**2 + 5*j + 6. Give y(8).
-18
Let o(v) = v**3 + 2*v**2 - 2*v. What is o(2)?
12
Let p(c) = -9*c + 156. What is p(15)?
21
Let r(h) = 56*h + 304. Calculate r(-6).
-32
Let q(o) = 5*o + 4. Calculate q(-5).
-21
Let h(j) = -j**2 + 46*j - 506. What is h(20)?
14
Let c(q) = -7*q - 45. Calculate c(-8).
11
Let i(m) = -2*m**2 - 5*m - 3. Determine i(-3).
-6
Let w(j) = -j**3 - 2*j**2 - j + 59. What is w(0)?
59
Let i(l) = -l**2 + 8*l + 4. Give i(4).
20
Let x(a) = -8*a - 147. Calculate x(-20).
13
Let p(i) = -i**3 - 4*i**2 + 5*i. Determine p(-6).
42
Let u(t) = -4*t + 60. Calculate u(17).
-8
Let c(f) = 11*f. Calculate c(1).
11
Let y(j) = 8*j**2 + 2*j + 4. Determine y(-2).
32
Let d(f) = 21*f**3 + f**2 - f + 1. Calculate d(1).
22
Let x(g) = -g**3 + 5*g**2 - 2*g + 8. Calculate x(6).
-40
Let q(s) = -s**2 + 30*s + 1. What is q(30)?
1
Let d(n) = -n**3 - 12*n**2 + 14*n - 11. Calculate d(-13).
-24
Let u(f) = 2*f**2 + 5*f - 3. Calculate u(-3).
0
Let c(v) = 8*v - 2. Calculate c(11).
86
Let m(s) = -s**3 + 27*s**2 + 126*s - 72. What is m(31)?
-10
Let v(z) = 2*z - 13. Calculate v(3).
-7
Let z(w) = -w**3 + 10*w**2 + 14*w - 24. Determine z(11).
9
Let l(t) = 79*t + 2. What is l(-1)?
-77
Let f(c) = 2*c + 17. Determine f(-12).
-7
Let k(j) = 2*j + 15. Calculate k(-5).
5
Let g(r) = -2*r**3 + r**2 + r - 1. Determine g(3).
-43
Let g(n) = 2*n + 52. What is g(-12)?
28
Let i(u) = u**2 + 20*u - 325. What is i(-31)?
16
Let n(l) = -80*l - 641. What is n(-8)?
-1
Let v(m) = -m**2 - 8*m - 6. Determine v(-9).
-15
Let v(b) = 10*b + 40. Determine v(-4).
0
Let w(x) = -3*x + 37. Determine w(11).
4
Let j(a) = 3*a**2 + 20*a + 4. What is j(-12)?
196
Let m(v) = v**2 + 17*v + 9. Give m(-13).
-43
Let a(f) = -f**3 + 7*f**2 - 2. Determine a(7).
-2
Let p(t) = -87*t - 6. Give p(0).
-6
Let o(n) = -n**2 + 18*n - 3. Determine o(18).
-3
Let a(z) = -z**2 - 32*z + 137. Determine a(4).
-7
Let c(u) = -u**3 - 18*u**2 + 12*u + 26. Calculate c(-19).
159
Let j(k) = -k**3 + 15*k**2 + 20*k + 2. What is j(16)?
66
Let h(g) = 3*g**3 + 2*g**2 - g + 2. Give h(-2).
-12
Let f(p) = -p**3 + p**2 - 2*p + 24. Give f(0).
24
Let u(q) = -q**2 + 10*q + 18. What is u(10)?
18
Let s(z) = 62*z**2 + z - 2. What is s(1)?
61
Let z(v) = v**3 - 4*v**2 - 10*v + 14. What is z(6)?
26
Let n(p) = -3*p - 4. Calculate n(-4).
8
Let u(d) = -d**3 - 5*d**2 - 2*d + 1. What is u(-4)?
-7
Let a(b) = b**2 - 7*b + 10. Calculate a(3).
-2
Let o(d) = -8*d - 3. What is o(-3)?
21
Let i(r) = -r - 5. Calculate i(-8).
3
Let v(l) = -3*l**3 - 2*l**2 + 2. Calculate v(-2).
18
Let o(v) = 28*v - 58. Calculate o(5).
82
Let l(o) = o**3 - 10*o**2 - 7*o - 5. Give l(11).
39
Let i(c) = 20*c + 24. What is i(-2)?
-16
Let f(o) = -o**3 - 5*o**2 - 4*o - 4. Determine f(-3).
-10
Let c(z) = -z**2 - 16*z - 7. Give c(-13).
32
Let a(x) = -2*x**2 + 4*x + 27. Determine a(5).
-3
Let r(h) = h**2 - 9*h + 15. Determine r(5).
-5
Let d(j) = 2*j - 2. What is d(-3)?
-8
Let i(a) = 3*a**3 + 6*a**2 + a + 4. Calculate i(-2).
2
Let m(t) = t**3 - 23*t**2 + 15*t + 148. Determine m(22).
-6
Let v(b) = b**3 - b**2 + b + 2. What is v(3)?
23
Let l(f) = -f**2 - 3*f - 7. Give l(-3).
-7
Let y(f) = f**3 - 3*f**2 + 4*f - 7. Calculate y(4).
25
Let v(x) = 6*x + 156. What is v(-30)?
-24
Let t(x) = -x + 52. Determine t(15).
37
Let v(m) = m**2 - 6*m + 9. What is v(4)?
1
Let j(w) = -w**3 + 9*w**2 - 2*w + 5. Calculate j(9).
-13
Let q(i) = -19*i**3 + 2*i**2 - i. Determine q(1).
-18
Let f(d) = -d**2 - 10*d - 4. Calculate f(-8).
12
Let k(g) = -8*g**2 - 34*g - 9. What is k(-4)?
-1
Let y(w) = -w**2 - 3*w - 17. Calculate y(6).
-71
Let s(t) = -24*t**2 + t - 2. Determine s(1).
-25
Let k(q) = 4*q**3 + q + 1. Determine k(-2).
-33
Let i(p) = -5*p - 63. Calculate i(-12).
-3
Let p(f) = -8*f + 213. Calculate p(27).
-3
Let d(x) = x + 19. Give d(0).
19
Let m(g) = g**2 - 7*g - 8. Give m(6).
-14
Let v(p) = p - 1. Determine v(1).
0
Let l(w) = w**3 + 12*w**2 + 9*w - 14. What is l(-11)?
8
Let c(b) = b - 15. Determine c(10).
-5
Let s(n) = n + 5. Give s(-3).
2
Let o(i) = -2*i**3 - 5*i - 3. Calculate o(-2).
23
Let q(f) = 16*f**2 - 2*f + 1. What is q(1)?
15
Let v(w) = -w**3 + 8*w**2 + 2*w - 7. What is v(8)?
9
Let l(o) = o**2 + 3*o + 20. Determine l(-8).
60
Let m(o) = o + 8. Give m(-6).
2
Let k(t) = -2*t**3 - 3*t**2 + 2*t - 4. Give k(-3).
17
Let m(q) = q**3 + 7*q**2 + 8*q + 9. Calculate m(-6).
-3
Let v(a) = a**2 + 6*a - 132. What is v(9)?
3
Let i(x) = x + 54. Calculate i(-46).
8
Let i(x) = 6*x - 72. Determine i(8).
-24
Let y(m) = -2*m**2 - 6*m + 15. Calculate y(-5).
-5
Let p(n) = -7*n + 6. Determine p(9).
-57
Let w(d) = 20*d - 5. What is w(-4)?
-85
Let o(z) = -z**3 - 10*z**2 + 14*z + 27. What is o(-11)?
-6
Let x(u) = 5*u - 77. Calculate x(10).
-27
Let r(j) = -j**3 + 7*j**2 - 9*j - 13. Calculate r(4).
-1
Let v(n) = -6*n**2 + 7*n. Calculate v(-3).
-75
Let r(y) = -y**3 - 16*y**2 - 34*y - 87. Calculate r(-14).
-3
Let d(w) = -w - 31. Give d(-18).
-13
Let u(h) = h**3 + h**2 - 2*h + 7. Calculate u(0).
7
Let p(l) = 2*l**2 - 5*l - 17. Determine p(-3).
16
Let c(l) = -29*l + 24. Calculate c(3).
-63
Let z(l) = -42*l**3 - l**2 - 3*l - 2. What is z(-1)?
42
Let u(t) = -t**2 + 5*t + 3. What is u(7)?
-11
Let x(j) = j**2 + 4*j - 11. Determine x(-7).
10
Let c(t) = -8*t**3 + 1. What is c(1)?
-7
Let b(o) = 8*o + 61. Calculate b(-8).
-3
Let h(x) = x**2 + 5*x + 8. Give h(-4).
4
Let a(p) = -p**2 - 4*p + 4. What is a(-4)?
4
Let a(x) = x**2 - 11*x + 22. Calculate a(13).
48
Let q(a) = a**2 + 2*a - 3. Give q(-8).
45
Let k(b) = 39*b + 4. What is k(1)?
43
Let k(n) = -n**2 + 13*n - 9. What is k(13)?
-9
Let i(n) = n + 6. Determine i(-12).
-6
Let d(o) = o**2 + 6*o. Give d(-8).
16
Let h(o) = -o + 19. Give h(22).
-3
Let g(i) = -i**2 + 10*i - 7. Calculate g(9).
2
Let r(u) = -40*u + 77. What is r(2)?
-3
Let q(u) = 32*u**3 - 1. What is q(-1)?
-33
Let p(o) = o**2 - 47*o + 143. Give p(44).
11
Let i(f) = -f**3 - 5*f**2 + 4*f. What is i(-6)?
12
Let r(f) = f**3 - 9*f**2 - 29*f + 6. Calculate r(11).
-71
Let u(h) = 9*h**2 - 3. Determine u(-1).
6
Let c(p) = p + 20. Determine c(-4).
16
Let o(g) = -g**3 + 9*g**2 - 5*g. Give o(9).
-45
Let c(w) = -9*w + 63. Determine c(3).
36
Let i(n) = -n**2 + 5*n + 13. Give i(7).
-1
Let j(c) = -2*c**3 + c**2 + 5*c + 5. Calculate j(-1).
3
Let o(b) = 3*b + 72. What is o(-22)?
6
Let n(k) = -k**3 - 5*k**2 + 9*k + 6. Determine n(-6).
-12
Let q(y) = y**2 + 5*y + 10. Calculate q(7).
94
Let z(g) = 6*g + 17. What is z(11)?
83
Let l(w) = -w + 1. Give l(-5).
6
Let c(i) = -13*i - 3. Give c(1).
-16
Let x(o) = 12*o - 14. Give x(-5).
-74
L